 9 and 5202.
9
Calculate the greatest common factor of 119 and 35.
7
Calculate the greatest common factor of 5494 and 164.
82
What is the highest common divisor of 140 and 114380?
140
Calculate the highest common factor of 600 and 900.
300
Calculate the highest common divisor of 242 and 15367.
121
What is the greatest common factor of 585 and 45?
45
Calculate the greatest common divisor of 32 and 160.
32
Calculate the highest common factor of 225 and 7800.
75
Calculate the greatest common divisor of 240 and 300.
60
Calculate the greatest common factor of 7 and 189.
7
Calculate the greatest common divisor of 40 and 360.
40
Calculate the highest common factor of 14 and 112.
14
Calculate the highest common divisor of 741 and 57.
57
Calculate the greatest common divisor of 1292 and 76.
76
Calculate the highest common factor of 10 and 860.
10
What is the highest common factor of 54 and 27?
27
What is the highest common divisor of 24 and 320?
8
What is the highest common divisor of 13938 and 276?
138
Calculate the highest common factor of 106 and 144266.
106
What is the greatest common divisor of 208 and 32?
16
What is the greatest common divisor of 1392 and 1972?
116
What is the highest common divisor of 42 and 182?
14
Calculate the greatest common divisor of 3655 and 2150.
215
Calculate the highest common divisor of 189 and 7.
7
Calculate the greatest common divisor of 560 and 10.
10
Calculate the greatest common factor of 5346 and 66.
66
Calculate the highest common divisor of 295 and 10.
5
What is the greatest common factor of 92 and 2208?
92
What is the greatest common factor of 1053 and 18?
9
What is the greatest common divisor of 192 and 1112?
8
Calculate the greatest common divisor of 85 and 595.
85
What is the highest common factor of 29 and 13543?
29
What is the highest common factor of 3429 and 127?
127
Calculate the greatest common divisor of 15492 and 12.
12
What is the highest common factor of 755 and 5?
5
Calculate the highest common factor of 64 and 376.
8
Calculate the greatest common factor of 120 and 90.
30
Calculate the greatest common divisor of 168 and 17584.
56
Calculate the highest common divisor of 444 and 1884.
12
Calculate the greatest common divisor of 323 and 493.
17
What is the greatest common factor of 184 and 4117?
23
Calculate the greatest common divisor of 21 and 14511.
21
Calculate the highest common factor of 16 and 56.
8
Calculate the greatest common factor of 2914 and 94.
94
What is the greatest common divisor of 176 and 48?
16
What is the greatest common factor of 168 and 63?
21
Calculate the highest common divisor of 119 and 34.
17
Calculate the greatest common divisor of 115 and 4945.
115
Calculate the greatest common divisor of 111412 and 14.
14
Calculate the greatest common factor of 1328 and 16.
16
What is the greatest common factor of 18 and 51588?
18
What is the greatest common divisor of 276 and 5428?
92
Calculate the greatest common divisor of 10 and 170.
10
What is the highest common divisor of 14 and 6?
2
Calculate the highest common factor of 524 and 8.
4
Calculate the highest common factor of 57 and 19.
19
What is the greatest common factor of 428 and 166492?
428
Calculate the highest common divisor of 102 and 402.
6
Calculate the highest common divisor of 156 and 888.
12
What is the highest common factor of 25 and 1925?
25
What is the greatest common factor of 22 and 594?
22
What is the greatest common divisor of 879 and 12?
3
What is the highest common divisor of 58 and 1363?
29
Calculate the highest common factor of 122 and 2.
2
What is the highest common factor of 1157 and 65?
13
What is the greatest common factor of 23 and 2047?
23
What is the highest common factor of 935 and 4488?
187
What is the greatest common divisor of 525 and 4425?
75
Calculate the greatest common factor of 5 and 5.
5
Calculate the highest common divisor of 712 and 4806.
178
What is the highest common factor of 4180 and 38?
38
Calculate the highest common divisor of 1464 and 3477.
183
What is the greatest common divisor of 1254 and 638?
22
What is the highest common divisor of 8 and 17?
1
Calculate the highest common factor of 172 and 86.
86
What is the highest common factor of 464 and 1566?
58
What is the greatest common divisor of 62 and 899?
31
Calculate the greatest common factor of 81186 and 21.
21
What is the greatest common factor of 2812 and 38?
38
Calculate the highest common factor of 9 and 8766.
9
Calculate the greatest common factor of 4326 and 98.
14
What is the greatest common factor of 981 and 9?
9
Calculate the greatest common divisor of 535 and 107.
107
What is the highest common factor of 4278 and 184?
46
What is the greatest common divisor of 21 and 672?
21
What is the highest common divisor of 135 and 105?
15
What is the greatest common divisor of 10 and 10130?
10
Calculate the greatest common divisor of 4053 and 189.
21
What is the highest common divisor of 130 and 80?
10
Calculate the greatest common factor of 763 and 14.
7
What is the greatest common factor of 420 and 3495?
15
What is the highest common factor of 3736 and 3?
1
Calculate the highest common factor of 34 and 6.
2
What is the highest common factor of 532 and 399?
133
What is the highest common divisor of 52 and 650?
26
Calculate the highest common divisor of 45 and 45.
45
Calculate the highest common factor of 374 and 99.
11
Calculate the greatest common divisor of 316 and 4.
4
Calculate the greatest common factor of 75 and 106875.
75
Calculate the highest common divisor of 132 and 68.
4
Calculate the greatest common divisor of 368 and 272.
16
Calculate the greatest common factor of 4028 and 114.
38
Calculate the highest common divisor of 648 and 3168.
72
What is the highest common divisor of 203 and 35?
7
What is the greatest common divisor of 2476 and 8?
4
Calculate the greatest common divisor of 86 and 2.
2
Calculate the greatest common divisor of 154 and 66.
22
Calculate the greatest common factor of 721 and 103.
103
What is the highest common divisor of 56 and 84?
28
What is the highest common divisor of 1869 and 4806?
267
What is the greatest common factor of 204 and 108?
12
What is the greatest common divisor of 40 and 80?
40
What is the highest common factor of 14 and 448?
14
What is the highest common factor of 198 and 288?
18
What is the greatest common factor of 968 and 605?
121
Calculate the greatest common divisor of 444 and 407.
37
Calculate the highest common divisor of 38178 and 36.
18
What is the greatest common divisor of 74 and 37?
37
What is the greatest common factor of 324 and 14148?
108
What is the greatest common divisor of 649 and 59?
59
Calculate the greatest common divisor of 8 and 472.
8
What is the highest common factor of 5 and 155?
5
Calculate the highest common divisor of 127 and 2921.
127
Calculate the highest common divisor of 107 and 6313.
107
What is the highest common divisor of 230 and 1210?
10
What is the greatest common factor of 27 and 117?
9
What is the greatest common factor of 37 and 1184?
37
Calculate the greatest common factor of 1209 and 39.
39
Calculate the greatest common divisor of 248 and 341.
31
What is the greatest common factor of 1925 and 100?
25
What is the highest common factor of 84 and 126?
42
Calculate the greatest common divisor of 80 and 40.
40
What is the greatest common factor of 234 and 78?
78
Calculate the greatest common divisor of 736 and 598.
46
What is the highest common divisor of 24 and 1548?
12
What is the greatest common divisor of 3 and 7?
1
Calculate the greatest common factor of 22 and 946.
22
Calculate the greatest common divisor of 38 and 332.
2
What is the greatest common divisor of 45 and 333?
9
What is the highest common divisor of 2457 and 585?
117
What is the highest common factor of 24 and 984?
24
What is the greatest common divisor of 244 and 549?
61
Calculate the greatest common factor of 1071 and 45.
9
What is the highest common divisor of 247 and 29887?
247
What is the greatest common factor of 18 and 18?
18
Calculate the greatest common factor of 3240 and 2025.
405
Calculate the greatest common factor of 7 and 41.
1
What is the greatest common factor of 536 and 8?
8
What is the highest common factor of 10 and 595?
5
What is the greatest commo